1209.
3, 242910403
What are the prime factors of 67837231?
7, 11, 881003
List the prime factors of 174829727.
174829727
What are the prime factors of 74103102?
2, 3, 17, 23, 10529
What are the prime factors of 1796733438?
2, 3, 299455573
List the prime factors of 214223991.
3, 67, 1065791
What are the prime factors of 60492366?
2, 3, 11, 101839
List the prime factors of 101708098.
2, 313, 162473
What are the prime factors of 2618257562?
2, 97, 13496173
What are the prime factors of 112772656?
2, 389, 18119
List the prime factors of 763637495.
5, 829, 184231
What are the prime factors of 790233420?
2, 3, 5, 37, 149, 2389
List the prime factors of 556999979.
15161, 36739
List the prime factors of 1368119443.
1368119443
What are the prime factors of 274209617?
11, 149, 293, 571
List the prime factors of 200729467.
61, 3290647
List the prime factors of 26012066.
2, 13006033
List the prime factors of 180938867.
311, 581797
What are the prime factors of 2218417652?
2, 11, 17, 2965799
List the prime factors of 5761477747.
5761477747
List the prime factors of 2537089198.
2, 7, 23, 107, 73637
List the prime factors of 31849593.
3, 10616531
List the prime factors of 20533376.
2, 19, 8443
What are the prime factors of 1161206924?
2, 290301731
What are the prime factors of 7754171?
2617, 2963
What are the prime factors of 2466906531?
3, 47, 139, 191, 659
What are the prime factors of 3184428?
2, 3, 13, 137, 149
List the prime factors of 120367609.
120367609
List the prime factors of 260209273.
260209273
List the prime factors of 241388533.
241388533
What are the prime factors of 1230357537?
3, 136706393
List the prime factors of 405862870.
2, 5, 7, 53, 109397
What are the prime factors of 205855612?
2, 23, 2237561
What are the prime factors of 1035313954?
2, 1663, 311279
What are the prime factors of 803550203?
17, 1483, 31873
What are the prime factors of 227606943?
3, 37, 2050513
What are the prime factors of 482426203?
7, 4049, 17021
What are the prime factors of 6218752?
2, 6073
List the prime factors of 999561847.
999561847
What are the prime factors of 81559762?
2, 683, 59707
List the prime factors of 45270912.
2, 3, 31, 3803
List the prime factors of 266899297.
7, 163, 233917
List the prime factors of 147985547.
19, 167, 46639
List the prime factors of 123085883.
123085883
List the prime factors of 2371950353.
811, 2924723
List the prime factors of 141256081.
141256081
What are the prime factors of 113466992?
2, 593, 11959
List the prime factors of 399001317.
3, 11, 13, 930073
What are the prime factors of 822235907?
47, 17494381
What are the prime factors of 19172180?
2, 5, 958609
List the prime factors of 2607987.
3, 17, 51137
List the prime factors of 40539151.
40539151
What are the prime factors of 38490591?
3, 71, 157, 1151
List the prime factors of 2544791550.
2, 3, 5, 7, 31, 37, 2113
List the prime factors of 579113852.
2, 31, 43, 313, 347
List the prime factors of 91957158.
2, 3, 5108731
What are the prime factors of 775077940?
2, 5, 7, 13, 17, 41, 47
List the prime factors of 20654117.
11, 557, 3371
What are the prime factors of 1779970777?
13, 136920829
List the prime factors of 108787763.
7, 173, 89833
What are the prime factors of 425098366?
2, 7, 11, 2760379
What are the prime factors of 2562894?
2, 3, 31, 1531
List the prime factors of 186341186.
2, 31, 3005503
What are the prime factors of 306771658?
2, 1049, 146221
What are the prime factors of 22895110?
2, 5, 7, 47, 6959
List the prime factors of 40518760.
2, 5, 107, 9467
What are the prime factors of 1418125540?
2, 5, 13, 5454329
List the prime factors of 579292266.
2, 3, 7, 71, 194263
List the prime factors of 53440217.
19, 2812643
What are the prime factors of 1252471250?
2, 5, 1001977
List the prime factors of 12919080.
2, 3, 5, 199, 541
List the prime factors of 897514046.
2, 11, 13, 31, 599
What are the prime factors of 1802509212?
2, 3, 7, 21458443
List the prime factors of 227737666.
2, 13, 8759141
List the prime factors of 845025283.
845025283
What are the prime factors of 6349999672?
2, 47, 16888297
What are the prime factors of 333943066?
2, 10193, 16381
What are the prime factors of 2543916752?
2, 13, 12230369
List the prime factors of 80133025.
5, 7, 457903
List the prime factors of 69931695.
3, 5, 4662113
List the prime factors of 114547358.
2, 41, 313, 4463
What are the prime factors of 155673655?
5, 31134731
List the prime factors of 1950837850.
2, 5, 13, 79, 37991
What are the prime factors of 1508880225?
3, 5, 251, 80153
What are the prime factors of 822528545?
5, 164505709
What are the prime factors of 134586814?
2, 67293407
What are the prime factors of 3371131995?
3, 5, 7, 11, 265339
List the prime factors of 63646899.
3, 59, 359587
What are the prime factors of 105539309?
105539309
What are the prime factors of 164336248?
2, 109, 188459
List the prime factors of 15324869.
7, 2189267
What are the prime factors of 161521973?
9013, 17921
What are the prime factors of 217319110?
2, 5, 21731911
What are the prime factors of 56104812?
2, 3, 197, 293
What are the prime factors of 187286751?
3, 331, 62869
List the prime factors of 320832909.
3, 149, 419, 571
What are the prime factors of 258650334?
2, 3, 1231, 1297
List the prime factors of 3863031955.
5, 772606391
List the prime factors of 333481756.
2, 31, 2689369
What are the prime factors of 1886334190?
2, 5, 13, 23, 31, 47, 433
What are the prime factors of 47474599?
23, 2064113
List the prime factors of 3954694168.
2, 494336771
List the prime factors of 69431414.
2, 13, 2670439
What are the prime factors of 3270372976?
2, 13, 1913, 8219
What are the prime factors of 232092787?
541, 429007
List the prime factors of 1707728542.
2, 13, 65681867
List the prime factors of 25776039.
3, 67, 128239
What are the prime factors of 2394438596?
2, 11, 19, 251, 11411
List the prime factors of 113485301.
229, 495569
List the prime factors of 5315380.
2, 5, 7, 37967
What are the prime factors of 290137628?
2, 11, 6594037
List the prime factors of 2886635.
5, 577327
What are the prime factors of 794159005?
5, 158831801
List the prime factors of 10042968.
2, 3, 13, 32189
List the prime factors of 4810224606.
2, 3, 11, 29, 2513179
What are the prime factors of 2458482214?
2, 1109, 1108423
List the prime factors of 6372775800.
2, 3, 5, 1789, 1979
What are the prime factors of 90537741?
3, 7, 239, 859
List the prime factors of 11884255.
5, 2376851
What are the prime factors of 219946645?
5, 43989329
List the prime factors of 25942703.
25942703
List the prime factors of 54921366.
2, 3, 89, 34283
List the prime factors of 271276142.
2, 1019, 133109
What are the prime factors of 180963037?
167, 1083611
List the prime factors of 121331140.
2, 5, 7, 37, 59, 397
List the prime factors of 9151202.
2, 17, 79, 3407
What are the prime factors of 584966198?
2, 1117, 261847
What are the prime factors of 4386569?
11, 29, 13751
List the prime factors of 4054580429.
4054580429
List the prime factors of 641255214.
2, 3, 37, 73, 39569
List the prime factors of 572549856.
2, 3, 23, 349, 743
What are the prime factors of 77188102?
2, 173, 223087
What are the prime factors of 38583770?
2, 5, 181, 21317
List the prime factors of 13330008.
2, 3, 6857
What are the prime factors of 168572778?
2, 3, 11, 2554133
List the prime factors of 226056975.
3, 5, 3014093
What are the prime factors of 80280435?
3, 5, 5352029
List the prime factors of 2824406845.
5, 13, 43452413
What are the prime factors of 726322923?
3, 26900849
What are the prime factors of 848874851?
11, 77170441
List the prime factors of 2211631755.
3, 5, 89, 877, 1889
What are the prime factors of 86056259?
53, 151, 10753
List the prime factors of 49202440.
2, 5, 7, 175723
What are the prime factors of 1256814831?
3, 19, 107, 206069
List the prime factors of 403227678.
2, 3, 7, 9600659
What are the prime factors of 279666457?
7, 137, 193, 1511
What are the prime factors of 626351834?
2, 19, 41, 402023
What are the prime factors of 3743694080?
2, 5, 7, 8527
List the prime factors of 4494365227.
11, 18743, 21799
What are the prime factors of 100939144?
2, 73, 307, 563
List the prime factors of 3574020492.
2, 3, 7, 197, 71993
List the prime factors of 1136771757.
3, 11, 23, 37, 103, 131
List th